{"id":2742,"date":"2025-05-04T16:16:22","date_gmt":"2025-05-04T16:16:22","guid":{"rendered":"https:\/\/www.jkcarsteam.com\/?page_id=2742"},"modified":"2025-07-08T10:20:42","modified_gmt":"2025-07-08T10:20:42","slug":"3-zavod-2025","status":"publish","type":"page","link":"https:\/\/www.jkcarsteam.com\/?page_id=2742","title":{"rendered":"3. Z\u00e1vod 2025"},"content":{"rendered":"\n<div class=\"wp-block-file\"><a id=\"wp-block-file--media-ffe38fc4-50cc-436a-abad-aab31d0ce009\" href=\"https:\/\/www.jkcarsteam.com\/wp-content\/uploads\/2025\/07\/f1r4-2.html\" target=\"_blank\" rel=\"noreferrer noopener\">f1r4<\/a><a href=\"https:\/\/www.jkcarsteam.com\/wp-content\/uploads\/2025\/07\/f1r4-2.html\" class=\"wp-block-file__button wp-element-button\" download aria-describedby=\"wp-block-file--media-ffe38fc4-50cc-436a-abad-aab31d0ce009\">St\u00e1hnout<\/a><\/div>\n\n\n\n<div class=\"wp-block-file\"><a id=\"wp-block-file--media-9ff8bfb2-e273-4273-a419-748b56789fbe\" href=\"https:\/\/www.jkcarsteam.com\/wp-content\/uploads\/2025\/07\/f1r5-2.html\" target=\"_blank\" rel=\"noreferrer noopener\">f1r5<\/a><a href=\"https:\/\/www.jkcarsteam.com\/wp-content\/uploads\/2025\/07\/f1r5-2.html\" class=\"wp-block-file__button wp-element-button\" download aria-describedby=\"wp-block-file--media-9ff8bfb2-e273-4273-a419-748b56789fbe\">St\u00e1hnout<\/a><\/div>\n\n\n\n<div class=\"wp-block-file\"><a id=\"wp-block-file--media-5086fe16-82f2-4530-b369-9f2ecc7128b8\" href=\"https:\/\/www.jkcarsteam.com\/wp-content\/uploads\/2025\/07\/f1r6-2.html\" target=\"_blank\" rel=\"noreferrer noopener\">f1r6<\/a><a href=\"https:\/\/www.jkcarsteam.com\/wp-content\/uploads\/2025\/07\/f1r6-2.html\" class=\"wp-block-file__button wp-element-button\" download aria-describedby=\"wp-block-file--media-5086fe16-82f2-4530-b369-9f2ecc7128b8\">St\u00e1hnout<\/a><\/div>\n\n\n\n<div class=\"wp-block-file\"><a id=\"wp-block-file--media-e4e4c42e-5919-4842-a96a-b8a5a42765b2\" href=\"https:\/\/www.jkcarsteam.com\/wp-content\/uploads\/2025\/07\/f2r4-2.html\" target=\"_blank\" rel=\"noreferrer noopener\">f2r4<\/a><a href=\"https:\/\/www.jkcarsteam.com\/wp-content\/uploads\/2025\/07\/f2r4-2.html\" class=\"wp-block-file__button wp-element-button\" download aria-describedby=\"wp-block-file--media-e4e4c42e-5919-4842-a96a-b8a5a42765b2\">St\u00e1hnout<\/a><\/div>\n\n\n\n<div class=\"wp-block-file\"><a id=\"wp-block-file--media-cc58e766-4174-4046-a966-9a43ccfb37b8\" href=\"https:\/\/www.jkcarsteam.com\/wp-content\/uploads\/2025\/07\/f3r4-3.html\" target=\"_blank\" rel=\"noreferrer noopener\">f3r4<\/a><a href=\"https:\/\/www.jkcarsteam.com\/wp-content\/uploads\/2025\/07\/f3r4-3.html\" class=\"wp-block-file__button wp-element-button\" download aria-describedby=\"wp-block-file--media-cc58e766-4174-4046-a966-9a43ccfb37b8\">St\u00e1hnout<\/a><\/div>\n\n\n\n<div class=\"wp-block-file\"><a id=\"wp-block-file--media-37acedd1-3ebb-4988-bc9b-3c911aa3aac3\" href=\"https:\/\/www.jkcarsteam.com\/wp-content\/uploads\/2025\/07\/f3r5-2.html\" target=\"_blank\" rel=\"noreferrer noopener\">f3r5<\/a><a href=\"https:\/\/www.jkcarsteam.com\/wp-content\/uploads\/2025\/07\/f3r5-2.html\" class=\"wp-block-file__button wp-element-button\" download aria-describedby=\"wp-block-file--media-37acedd1-3ebb-4988-bc9b-3c911aa3aac3\">St\u00e1hnout<\/a><\/div>\n\n\n\n<div class=\"wp-block-file\"><a id=\"wp-block-file--media-c1b664ec-39e9-4ffc-b1a9-b99190d0c0bc\" href=\"https:\/\/www.jkcarsteam.com\/wp-content\/uploads\/2025\/07\/f3r6-2.html\" target=\"_blank\" rel=\"noreferrer noopener\">f3r6<\/a><a href=\"https:\/\/www.jkcarsteam.com\/wp-content\/uploads\/2025\/07\/f3r6-2.html\" class=\"wp-block-file__button wp-element-button\" download aria-describedby=\"wp-block-file--media-c1b664ec-39e9-4ffc-b1a9-b99190d0c0bc\">St\u00e1hnout<\/a><\/div>\n\n\n\n<div class=\"wp-block-file\"><a id=\"wp-block-file--media-7a8eb178-3df7-4676-b6d8-b4d98bf74634\" href=\"https:\/\/www.jkcarsteam.com\/wp-content\/uploads\/2025\/07\/f4r4-2.html\" target=\"_blank\" rel=\"noreferrer noopener\">f4r4<\/a><a href=\"https:\/\/www.jkcarsteam.com\/wp-content\/uploads\/2025\/07\/f4r4-2.html\" class=\"wp-block-file__button wp-element-button\" download aria-describedby=\"wp-block-file--media-7a8eb178-3df7-4676-b6d8-b4d98bf74634\">St\u00e1hnout<\/a><\/div>\n\n\n\n<div class=\"wp-block-file\"><a id=\"wp-block-file--media-17e4af10-21ff-4f44-bc9f-c21422e384ff\" href=\"https:\/\/www.jkcarsteam.com\/wp-content\/uploads\/2025\/07\/f4r5-2.html\" target=\"_blank\" rel=\"noreferrer noopener\">f4r5<\/a><a href=\"https:\/\/www.jkcarsteam.com\/wp-content\/uploads\/2025\/07\/f4r5-2.html\" class=\"wp-block-file__button wp-element-button\" download aria-describedby=\"wp-block-file--media-17e4af10-21ff-4f44-bc9f-c21422e384ff\">St\u00e1hnout<\/a><\/div>\n\n\n\n<div class=\"wp-block-file\"><a id=\"wp-block-file--media-464a6a22-551c-4b16-87c9-bfbacf81c6f4\" href=\"https:\/\/www.jkcarsteam.com\/wp-content\/uploads\/2025\/07\/f4r6-2.html\" target=\"_blank\" rel=\"noreferrer noopener\">f4r6<\/a><a href=\"https:\/\/www.jkcarsteam.com\/wp-content\/uploads\/2025\/07\/f4r6-2.html\" class=\"wp-block-file__button wp-element-button\" download aria-describedby=\"wp-block-file--media-464a6a22-551c-4b16-87c9-bfbacf81c6f4\">St\u00e1hnout<\/a><\/div>\n\n\n\n<div class=\"wp-block-file\"><a id=\"wp-block-file--media-3a20c701-4265-4451-aa93-983bbe6c0801\" href=\"https:\/\/www.jkcarsteam.com\/wp-content\/uploads\/2025\/07\/f5r4-2.html\" target=\"_blank\" rel=\"noreferrer noopener\">f5r4<\/a><a href=\"https:\/\/www.jkcarsteam.com\/wp-content\/uploads\/2025\/07\/f5r4-2.html\" class=\"wp-block-file__button wp-element-button\" download aria-describedby=\"wp-block-file--media-3a20c701-4265-4451-aa93-983bbe6c0801\">St\u00e1hnout<\/a><\/div>\n\n\n\n<div class=\"wp-block-file\"><a id=\"wp-block-file--media-d1af1986-57e2-4389-85c9-68f9bc9e0007\" href=\"https:\/\/www.jkcarsteam.com\/wp-content\/uploads\/2025\/07\/f5r5-2.html\" target=\"_blank\" rel=\"noreferrer noopener\">f5r5<\/a><a href=\"https:\/\/www.jkcarsteam.com\/wp-content\/uploads\/2025\/07\/f5r5-2.html\" class=\"wp-block-file__button wp-element-button\" download aria-describedby=\"wp-block-file--media-d1af1986-57e2-4389-85c9-68f9bc9e0007\">St\u00e1hnout<\/a><\/div>\n\n\n\n<div class=\"wp-block-file\"><a id=\"wp-block-file--media-d13b8226-2246-4b83-80fa-a4b5058db121\" href=\"https:\/\/www.jkcarsteam.com\/wp-content\/uploads\/2025\/07\/f5r6-1.html\" target=\"_blank\" rel=\"noreferrer noopener\">f5r6<\/a><a href=\"https:\/\/www.jkcarsteam.com\/wp-content\/uploads\/2025\/07\/f5r6-1.html\" class=\"wp-block-file__button wp-element-button\" download aria-describedby=\"wp-block-file--media-d13b8226-2246-4b83-80fa-a4b5058db121\">St\u00e1hnout<\/a><\/div>\n\n\n\n<div class=\"wp-block-file\"><a id=\"wp-block-file--media-0606ea01-9f7e-48d2-9b61-168f914c6737\" href=\"https:\/\/www.jkcarsteam.com\/wp-content\/uploads\/2025\/07\/f6r4-1.html\" target=\"_blank\" rel=\"noreferrer noopener\">f6r4<\/a><a href=\"https:\/\/www.jkcarsteam.com\/wp-content\/uploads\/2025\/07\/f6r4-1.html\" class=\"wp-block-file__button wp-element-button\" download aria-describedby=\"wp-block-file--media-0606ea01-9f7e-48d2-9b61-168f914c6737\">St\u00e1hnout<\/a><\/div>\n\n\n\n<div class=\"wp-block-file\"><a id=\"wp-block-file--media-646d950a-381a-448c-b984-88fda2f294c3\" href=\"https:\/\/www.jkcarsteam.com\/wp-content\/uploads\/2025\/07\/f6r5-1.html\" target=\"_blank\" rel=\"noreferrer noopener\">f6r5<\/a><a href=\"https:\/\/www.jkcarsteam.com\/wp-content\/uploads\/2025\/07\/f6r5-1.html\" class=\"wp-block-file__button wp-element-button\" download aria-describedby=\"wp-block-file--media-646d950a-381a-448c-b984-88fda2f294c3\">St\u00e1hnout<\/a><\/div>\n\n\n\n<div class=\"wp-block-file\"><a id=\"wp-block-file--media-23926275-eee0-4d9b-a59c-0728df7c1567\" href=\"https:\/\/www.jkcarsteam.com\/wp-content\/uploads\/2025\/07\/Finale-IC-Buggy-A-2.html\" target=\"_blank\" rel=\"noreferrer noopener\">Fin\u00e1le IC Buggy A<\/a><a href=\"https:\/\/www.jkcarsteam.com\/wp-content\/uploads\/2025\/07\/Finale-IC-Buggy-A-2.html\" class=\"wp-block-file__button wp-element-button\" download aria-describedby=\"wp-block-file--media-23926275-eee0-4d9b-a59c-0728df7c1567\">St\u00e1hnout<\/a><\/div>\n\n\n\n<div class=\"wp-block-file\"><a id=\"wp-block-file--media-bfe08c9c-31b9-4903-bcfa-043d582c490a\" href=\"https:\/\/www.jkcarsteam.com\/wp-content\/uploads\/2025\/07\/Finale-IC-Buggy-B-1.html\" target=\"_blank\" rel=\"noreferrer noopener\">Fin\u00e1le IC Buggy B<\/a><a href=\"https:\/\/www.jkcarsteam.com\/wp-content\/uploads\/2025\/07\/Finale-IC-Buggy-B-1.html\" class=\"wp-block-file__button wp-element-button\" download aria-describedby=\"wp-block-file--media-bfe08c9c-31b9-4903-bcfa-043d582c490a\">St\u00e1hnout<\/a><\/div>\n\n\n\n<div class=\"wp-block-file\"><a id=\"wp-block-file--media-dfa4ae25-d7ab-4abc-b258-22994f759678\" href=\"https:\/\/www.jkcarsteam.com\/wp-content\/uploads\/2025\/07\/Po-kvalifikaci-2.html\" target=\"_blank\" rel=\"noreferrer noopener\">Po kvalifikaci<\/a><a href=\"https:\/\/www.jkcarsteam.com\/wp-content\/uploads\/2025\/07\/Po-kvalifikaci-2.html\" class=\"wp-block-file__button wp-element-button\" download aria-describedby=\"wp-block-file--media-dfa4ae25-d7ab-4abc-b258-22994f759678\">St\u00e1hnout<\/a><\/div>\n\n\n\n<div data-wp-interactive=\"core\/file\" class=\"wp-block-file\"><object data-wp-bind--hidden=\"!state.hasPdfPreview\" hidden class=\"wp-block-file__embed\" data=\"https:\/\/www.jkcarsteam.com\/wp-content\/uploads\/2025\/07\/Konecene-poradi-Elektro-1.pdf\" type=\"application\/pdf\" style=\"width:100%;height:600px\" aria-label=\"Vlo\u017eit z Kone\u010den\u00e9 po\u0159ad\u00ed Elektro.\"><\/object><a id=\"wp-block-file--media-6fe499b0-33e5-4992-ab44-4c8648fb49d8\" href=\"https:\/\/www.jkcarsteam.com\/wp-content\/uploads\/2025\/07\/Konecene-poradi-Elektro-1.pdf\" target=\"_blank\" rel=\"noreferrer noopener\">Kone\u010den\u00e9 po\u0159ad\u00ed Elektro<\/a><a href=\"https:\/\/www.jkcarsteam.com\/wp-content\/uploads\/2025\/07\/Konecene-poradi-Elektro-1.pdf\" class=\"wp-block-file__button wp-element-button\" download aria-describedby=\"wp-block-file--media-6fe499b0-33e5-4992-ab44-4c8648fb49d8\">St\u00e1hnout<\/a><\/div>\n\n\n\n<p><\/p>\n","protected":false},"excerpt":{"rendered":"","protected":false},"author":1,"featured_media":0,"parent":0,"menu_order":0,"comment_status":"closed","ping_status":"closed","template":"","meta":{"footnotes":""},"class_list":["post-2742","page","type-page","status-publish","hentry"],"_links":{"self":[{"href":"https:\/\/www.jkcarsteam.com\/index.php?rest_route=\/wp\/v2\/pages\/2742","targetHints":{"allow":["GET"]}}],"collection":[{"href":"https:\/\/www.jkcarsteam.com\/index.php?rest_route=\/wp\/v2\/pages"}],"about":[{"href":"https:\/\/www.jkcarsteam.com\/index.php?rest_route=\/wp\/v2\/types\/page"}],"author":[{"embeddable":true,"href":"https:\/\/www.jkcarsteam.com\/index.php?rest_route=\/wp\/v2\/users\/1"}],"replies":[{"embeddable":true,"href":"https:\/\/www.jkcarsteam.com\/index.php?rest_route=%2Fwp%2Fv2%2Fcomments&post=2742"}],"version-history":[{"count":3,"href":"https:\/\/www.jkcarsteam.com\/index.php?rest_route=\/wp\/v2\/pages\/2742\/revisions"}],"predecessor-version":[{"id":2843,"href":"https:\/\/www.jkcarsteam.com\/index.php?rest_route=\/wp\/v2\/pages\/2742\/revisions\/2843"}],"wp:attachment":[{"href":"https:\/\/www.jkcarsteam.com\/index.php?rest_route=%2Fwp%2Fv2%2Fmedia&parent=2742"}],"curies":[{"name":"wp","href":"https:\/\/api.w.org\/{rel}","templated":true}]}}