{"id":1632,"date":"2021-06-28T10:30:27","date_gmt":"2021-06-28T10:30:27","guid":{"rendered":"http:\/\/www.jkcarsteam.com\/?page_id=1632"},"modified":"2021-07-18T14:14:14","modified_gmt":"2021-07-18T14:14:14","slug":"3-zavod-2021","status":"publish","type":"page","link":"https:\/\/www.jkcarsteam.com\/?page_id=1632","title":{"rendered":"3. Z\u00e1vod 2021"},"content":{"rendered":"\n<div class=\"wp-block-file\"><a href=\"https:\/\/www.jkcarsteam.com\/wp-content\/uploads\/2021\/07\/celkov\u00e9-po\u0159ad\u00ed.pdf\">celkov\u00e9-po\u0159ad\u00ed<\/a><a href=\"https:\/\/www.jkcarsteam.com\/wp-content\/uploads\/2021\/07\/celkov\u00e9-po\u0159ad\u00ed.pdf\" class=\"wp-block-file__button\" download>St\u00e1hnout<\/a><\/div>\n\n\n\n<div class=\"wp-block-file\"><a href=\"https:\/\/www.jkcarsteam.com\/wp-content\/uploads\/2021\/07\/Fin\u00e1le-1-8-Buggy-A-1.html\">Fin\u00e1le-1-8-Buggy-A-1<\/a><a href=\"https:\/\/www.jkcarsteam.com\/wp-content\/uploads\/2021\/07\/Fin\u00e1le-1-8-Buggy-A-1.html\" class=\"wp-block-file__button\" download>St\u00e1hnout<\/a><\/div>\n\n\n\n<div class=\"wp-block-file\"><a href=\"https:\/\/www.jkcarsteam.com\/wp-content\/uploads\/2021\/07\/Fin\u00e1le-1-8-Buggy-A-2.html\">Fin\u00e1le-1-8-Buggy-A-2<\/a><a href=\"https:\/\/www.jkcarsteam.com\/wp-content\/uploads\/2021\/07\/Fin\u00e1le-1-8-Buggy-A-2.html\" class=\"wp-block-file__button\" download>St\u00e1hnout<\/a><\/div>\n\n\n\n<div class=\"wp-block-file\"><a href=\"https:\/\/www.jkcarsteam.com\/wp-content\/uploads\/2021\/07\/Fin\u00e1le-1-8-Buggy-A-3.html\">Fin\u00e1le-1-8-Buggy-A-3<\/a><a href=\"https:\/\/www.jkcarsteam.com\/wp-content\/uploads\/2021\/07\/Fin\u00e1le-1-8-Buggy-A-3.html\" class=\"wp-block-file__button\" download>St\u00e1hnout<\/a><\/div>\n\n\n\n<div class=\"wp-block-file\"><a href=\"https:\/\/www.jkcarsteam.com\/wp-content\/uploads\/2021\/07\/Fin\u00e1le-1-8-Buggy-B-1.html\">Fin\u00e1le-1-8-Buggy-B-1<\/a><a href=\"https:\/\/www.jkcarsteam.com\/wp-content\/uploads\/2021\/07\/Fin\u00e1le-1-8-Buggy-B-1.html\" class=\"wp-block-file__button\" download>St\u00e1hnout<\/a><\/div>\n\n\n\n<div class=\"wp-block-file\"><a href=\"https:\/\/www.jkcarsteam.com\/wp-content\/uploads\/2021\/07\/Fin\u00e1le-1-8-Buggy-B-2.html\">Fin\u00e1le-1-8-Buggy-B-2<\/a><a href=\"https:\/\/www.jkcarsteam.com\/wp-content\/uploads\/2021\/07\/Fin\u00e1le-1-8-Buggy-B-2.html\" class=\"wp-block-file__button\" download>St\u00e1hnout<\/a><\/div>\n\n\n\n<div class=\"wp-block-file\"><a href=\"https:\/\/www.jkcarsteam.com\/wp-content\/uploads\/2021\/07\/Fin\u00e1le-1-8-Buggy-B-3.html\">Fin\u00e1le-1-8-Buggy-B-3<\/a><a href=\"https:\/\/www.jkcarsteam.com\/wp-content\/uploads\/2021\/07\/Fin\u00e1le-1-8-Buggy-B-3.html\" class=\"wp-block-file__button\" download>St\u00e1hnout<\/a><\/div>\n\n\n\n<div class=\"wp-block-file\"><a href=\"https:\/\/www.jkcarsteam.com\/wp-content\/uploads\/2021\/07\/Fin\u00e1le-1-10-Buggy-1.html\">Fin\u00e1le-1-10-Buggy-1<\/a><a href=\"https:\/\/www.jkcarsteam.com\/wp-content\/uploads\/2021\/07\/Fin\u00e1le-1-10-Buggy-1.html\" class=\"wp-block-file__button\" download>St\u00e1hnout<\/a><\/div>\n\n\n\n<div class=\"wp-block-file\"><a href=\"https:\/\/www.jkcarsteam.com\/wp-content\/uploads\/2021\/07\/Fin\u00e1le-1-10-Buggy-2.html\">Fin\u00e1le-1-10-Buggy-2<\/a><a href=\"https:\/\/www.jkcarsteam.com\/wp-content\/uploads\/2021\/07\/Fin\u00e1le-1-10-Buggy-2.html\" class=\"wp-block-file__button\" download>St\u00e1hnout<\/a><\/div>\n\n\n\n<div class=\"wp-block-file\"><a href=\"https:\/\/www.jkcarsteam.com\/wp-content\/uploads\/2021\/07\/Fin\u00e1le-1-10-Buggy-3.html\">Fin\u00e1le-1-10-Buggy-3<\/a><a href=\"https:\/\/www.jkcarsteam.com\/wp-content\/uploads\/2021\/07\/Fin\u00e1le-1-10-Buggy-3.html\" class=\"wp-block-file__button\" download>St\u00e1hnout<\/a><\/div>\n\n\n\n<div class=\"wp-block-file\"><a href=\"https:\/\/www.jkcarsteam.com\/wp-content\/uploads\/2021\/07\/Fin\u00e1le-IC-Buggy.html\">Fin\u00e1le-IC-Buggy<\/a><a href=\"https:\/\/www.jkcarsteam.com\/wp-content\/uploads\/2021\/07\/Fin\u00e1le-IC-Buggy.html\" class=\"wp-block-file__button\" download>St\u00e1hnout<\/a><\/div>\n\n\n\n<div class=\"wp-block-file\"><a href=\"https:\/\/www.jkcarsteam.com\/wp-content\/uploads\/2021\/07\/Fin\u00e1le-MT-1.html\">Fin\u00e1le-MT-1<\/a><a href=\"https:\/\/www.jkcarsteam.com\/wp-content\/uploads\/2021\/07\/Fin\u00e1le-MT-1.html\" class=\"wp-block-file__button\" download>St\u00e1hnout<\/a><\/div>\n\n\n\n<div class=\"wp-block-file\"><a href=\"https:\/\/www.jkcarsteam.com\/wp-content\/uploads\/2021\/07\/Fin\u00e1le-MT-2.html\">Fin\u00e1le-MT-2<\/a><a href=\"https:\/\/www.jkcarsteam.com\/wp-content\/uploads\/2021\/07\/Fin\u00e1le-MT-2.html\" class=\"wp-block-file__button\" download>St\u00e1hnout<\/a><\/div>\n\n\n\n<div class=\"wp-block-file\"><a href=\"https:\/\/www.jkcarsteam.com\/wp-content\/uploads\/2021\/07\/Fin\u00e1le-MT-3.html\">Fin\u00e1le-MT-3<\/a><a href=\"https:\/\/www.jkcarsteam.com\/wp-content\/uploads\/2021\/07\/Fin\u00e1le-MT-3.html\" class=\"wp-block-file__button\" download>St\u00e1hnout<\/a><\/div>\n\n\n\n<div class=\"wp-block-file\"><a href=\"https:\/\/www.jkcarsteam.com\/wp-content\/uploads\/2021\/07\/Fin\u00e1le-SC-1.html\">Fin\u00e1le-SC-1<\/a><a href=\"https:\/\/www.jkcarsteam.com\/wp-content\/uploads\/2021\/07\/Fin\u00e1le-SC-1.html\" class=\"wp-block-file__button\" download>St\u00e1hnout<\/a><\/div>\n\n\n\n<div class=\"wp-block-file\"><a href=\"https:\/\/www.jkcarsteam.com\/wp-content\/uploads\/2021\/07\/Fin\u00e1le-SC-2.html\">Fin\u00e1le-SC-2<\/a><a href=\"https:\/\/www.jkcarsteam.com\/wp-content\/uploads\/2021\/07\/Fin\u00e1le-SC-2.html\" class=\"wp-block-file__button\" download>St\u00e1hnout<\/a><\/div>\n\n\n\n<div class=\"wp-block-file\"><a href=\"https:\/\/www.jkcarsteam.com\/wp-content\/uploads\/2021\/07\/Fin\u00e1le-SC-3.html\">Fin\u00e1le-SC-3<\/a><a href=\"https:\/\/www.jkcarsteam.com\/wp-content\/uploads\/2021\/07\/Fin\u00e1le-SC-3.html\" class=\"wp-block-file__button\" download>St\u00e1hnout<\/a><\/div>\n\n\n\n<div class=\"wp-block-file\"><a href=\"https:\/\/www.jkcarsteam.com\/wp-content\/uploads\/2021\/07\/Po-kvalifikaci.html\">Po-kvalifikaci<\/a><a href=\"https:\/\/www.jkcarsteam.com\/wp-content\/uploads\/2021\/07\/Po-kvalifikaci.html\" class=\"wp-block-file__button\" download>St\u00e1hnout<\/a><\/div>\n\n\n\n<div class=\"wp-block-file\"><a href=\"https:\/\/www.jkcarsteam.com\/wp-content\/uploads\/2021\/07\/Semifin\u00e1le-IC-Buggy.html\">Semifin\u00e1le-IC-Buggy<\/a><a href=\"https:\/\/www.jkcarsteam.com\/wp-content\/uploads\/2021\/07\/Semifin\u00e1le-IC-Buggy.html\" class=\"wp-block-file__button\" download>St\u00e1hnout<\/a><\/div>\n","protected":false},"excerpt":{"rendered":"","protected":false},"author":1,"featured_media":0,"parent":0,"menu_order":0,"comment_status":"closed","ping_status":"closed","template":"","meta":{"footnotes":""},"class_list":["post-1632","page","type-page","status-publish","hentry"],"_links":{"self":[{"href":"https:\/\/www.jkcarsteam.com\/index.php?rest_route=\/wp\/v2\/pages\/1632","targetHints":{"allow":["GET"]}}],"collection":[{"href":"https:\/\/www.jkcarsteam.com\/index.php?rest_route=\/wp\/v2\/pages"}],"about":[{"href":"https:\/\/www.jkcarsteam.com\/index.php?rest_route=\/wp\/v2\/types\/page"}],"author":[{"embeddable":true,"href":"https:\/\/www.jkcarsteam.com\/index.php?rest_route=\/wp\/v2\/users\/1"}],"replies":[{"embeddable":true,"href":"https:\/\/www.jkcarsteam.com\/index.php?rest_route=%2Fwp%2Fv2%2Fcomments&post=1632"}],"version-history":[{"count":2,"href":"https:\/\/www.jkcarsteam.com\/index.php?rest_route=\/wp\/v2\/pages\/1632\/revisions"}],"predecessor-version":[{"id":1685,"href":"https:\/\/www.jkcarsteam.com\/index.php?rest_route=\/wp\/v2\/pages\/1632\/revisions\/1685"}],"wp:attachment":[{"href":"https:\/\/www.jkcarsteam.com\/index.php?rest_route=%2Fwp%2Fv2%2Fmedia&parent=1632"}],"curies":[{"name":"wp","href":"https:\/\/api.w.org\/{rel}","templated":true}]}}