{"id":1114,"date":"2020-08-03T15:24:43","date_gmt":"2020-08-03T15:24:43","guid":{"rendered":"http:\/\/www.jkcarsteam.com\/?page_id=1114"},"modified":"2020-08-03T15:24:43","modified_gmt":"2020-08-03T15:24:43","slug":"gp-rchobbyracing-2020","status":"publish","type":"page","link":"https:\/\/www.jkcarsteam.com\/?page_id=1114","title":{"rendered":"GP RCHOBBYRACING 2020"},"content":{"rendered":"\n<div class=\"wp-block-file\"><a href=\"https:\/\/www.jkcarsteam.com\/wp-content\/uploads\/2020\/08\/Kone\u010dn\u00e9-po\u0159ad\u00ed-GP_2020.pdf\">Kone\u010dn\u00e9-po\u0159ad\u00ed-GP_2020<\/a><a href=\"https:\/\/www.jkcarsteam.com\/wp-content\/uploads\/2020\/08\/Kone\u010dn\u00e9-po\u0159ad\u00ed-GP_2020.pdf\" class=\"wp-block-file__button\" download>St\u00e1hnout<\/a><\/div>\n\n\n\n<div class=\"wp-block-file\"><a href=\"https:\/\/www.jkcarsteam.com\/wp-content\/uploads\/2020\/08\/Finale-E8-A-1.html\">Finale-E8-A-1<\/a><a href=\"https:\/\/www.jkcarsteam.com\/wp-content\/uploads\/2020\/08\/Finale-E8-A-1.html\" class=\"wp-block-file__button\" download>St\u00e1hnout<\/a><\/div>\n\n\n\n<div class=\"wp-block-file\"><a href=\"https:\/\/www.jkcarsteam.com\/wp-content\/uploads\/2020\/08\/Finale-E8-A-2.html\">Finale-E8-A-2<\/a><a href=\"https:\/\/www.jkcarsteam.com\/wp-content\/uploads\/2020\/08\/Finale-E8-A-2.html\" class=\"wp-block-file__button\" download>St\u00e1hnout<\/a><\/div>\n\n\n\n<div class=\"wp-block-file\"><a href=\"https:\/\/www.jkcarsteam.com\/wp-content\/uploads\/2020\/08\/Finale-E8-A-3.html\">Finale-E8-A-3<\/a><a href=\"https:\/\/www.jkcarsteam.com\/wp-content\/uploads\/2020\/08\/Finale-E8-A-3.html\" class=\"wp-block-file__button\" download>St\u00e1hnout<\/a><\/div>\n\n\n\n<div class=\"wp-block-file\"><a href=\"https:\/\/www.jkcarsteam.com\/wp-content\/uploads\/2020\/08\/Finale-E8-B-1.html\">Finale-E8-B-1<\/a><a href=\"https:\/\/www.jkcarsteam.com\/wp-content\/uploads\/2020\/08\/Finale-E8-B-1.html\" class=\"wp-block-file__button\" download>St\u00e1hnout<\/a><\/div>\n\n\n\n<div class=\"wp-block-file\"><a href=\"https:\/\/www.jkcarsteam.com\/wp-content\/uploads\/2020\/08\/Finale-E8-B-2.html\">Finale-E8-B-2<\/a><a href=\"https:\/\/www.jkcarsteam.com\/wp-content\/uploads\/2020\/08\/Finale-E8-B-2.html\" class=\"wp-block-file__button\" download>St\u00e1hnout<\/a><\/div>\n\n\n\n<div class=\"wp-block-file\"><a href=\"https:\/\/www.jkcarsteam.com\/wp-content\/uploads\/2020\/08\/Finale-E8-B-3.html\">Finale-E8-B-3<\/a><a href=\"https:\/\/www.jkcarsteam.com\/wp-content\/uploads\/2020\/08\/Finale-E8-B-3.html\" class=\"wp-block-file__button\" download>St\u00e1hnout<\/a><\/div>\n\n\n\n<div class=\"wp-block-file\"><a href=\"https:\/\/www.jkcarsteam.com\/wp-content\/uploads\/2020\/08\/Finale-E8-C-1.html\">Finale-E8-C-1<\/a><a href=\"https:\/\/www.jkcarsteam.com\/wp-content\/uploads\/2020\/08\/Finale-E8-C-1.html\" class=\"wp-block-file__button\" download>St\u00e1hnout<\/a><\/div>\n\n\n\n<div class=\"wp-block-file\"><a href=\"https:\/\/www.jkcarsteam.com\/wp-content\/uploads\/2020\/08\/Finale-E8-C-2.html\">Finale-E8-C-2<\/a><a href=\"https:\/\/www.jkcarsteam.com\/wp-content\/uploads\/2020\/08\/Finale-E8-C-2.html\" class=\"wp-block-file__button\" download>St\u00e1hnout<\/a><\/div>\n\n\n\n<div class=\"wp-block-file\"><a href=\"https:\/\/www.jkcarsteam.com\/wp-content\/uploads\/2020\/08\/Finale-E8-C-3.html\">Finale-E8-C-3<\/a><a href=\"https:\/\/www.jkcarsteam.com\/wp-content\/uploads\/2020\/08\/Finale-E8-C-3.html\" class=\"wp-block-file__button\" download>St\u00e1hnout<\/a><\/div>\n\n\n\n<div class=\"wp-block-file\"><a href=\"https:\/\/www.jkcarsteam.com\/wp-content\/uploads\/2020\/08\/Finale-E8-D-1.html\">Finale-E8-D-1<\/a><a href=\"https:\/\/www.jkcarsteam.com\/wp-content\/uploads\/2020\/08\/Finale-E8-D-1.html\" class=\"wp-block-file__button\" download>St\u00e1hnout<\/a><\/div>\n\n\n\n<div class=\"wp-block-file\"><a href=\"https:\/\/www.jkcarsteam.com\/wp-content\/uploads\/2020\/08\/Finale-E8-D-2.html\">Finale-E8-D-2<\/a><a href=\"https:\/\/www.jkcarsteam.com\/wp-content\/uploads\/2020\/08\/Finale-E8-D-2.html\" class=\"wp-block-file__button\" download>St\u00e1hnout<\/a><\/div>\n\n\n\n<div class=\"wp-block-file\"><a href=\"https:\/\/www.jkcarsteam.com\/wp-content\/uploads\/2020\/08\/Finale-E8-D-3.html\">Finale-E8-D-3<\/a><a href=\"https:\/\/www.jkcarsteam.com\/wp-content\/uploads\/2020\/08\/Finale-E8-D-3.html\" class=\"wp-block-file__button\" download>St\u00e1hnout<\/a><\/div>\n\n\n\n<div class=\"wp-block-file\"><a href=\"https:\/\/www.jkcarsteam.com\/wp-content\/uploads\/2020\/08\/Finale-E10-A-1.html\">Finale-E10-A-1<\/a><a href=\"https:\/\/www.jkcarsteam.com\/wp-content\/uploads\/2020\/08\/Finale-E10-A-1.html\" class=\"wp-block-file__button\" download>St\u00e1hnout<\/a><\/div>\n\n\n\n<div class=\"wp-block-file\"><a href=\"https:\/\/www.jkcarsteam.com\/wp-content\/uploads\/2020\/08\/Finale-E10-A-2.html\">Finale-E10-A-2<\/a><a href=\"https:\/\/www.jkcarsteam.com\/wp-content\/uploads\/2020\/08\/Finale-E10-A-2.html\" class=\"wp-block-file__button\" download>St\u00e1hnout<\/a><\/div>\n\n\n\n<div class=\"wp-block-file\"><a href=\"https:\/\/www.jkcarsteam.com\/wp-content\/uploads\/2020\/08\/Finale-E10-A-3.html\">Finale-E10-A-3<\/a><a href=\"https:\/\/www.jkcarsteam.com\/wp-content\/uploads\/2020\/08\/Finale-E10-A-3.html\" class=\"wp-block-file__button\" download>St\u00e1hnout<\/a><\/div>\n\n\n\n<div class=\"wp-block-file\"><a href=\"https:\/\/www.jkcarsteam.com\/wp-content\/uploads\/2020\/08\/Finale-E10-B-1.html\">Finale-E10-B-1<\/a><a href=\"https:\/\/www.jkcarsteam.com\/wp-content\/uploads\/2020\/08\/Finale-E10-B-1.html\" class=\"wp-block-file__button\" download>St\u00e1hnout<\/a><\/div>\n\n\n\n<div class=\"wp-block-file\"><a href=\"https:\/\/www.jkcarsteam.com\/wp-content\/uploads\/2020\/08\/Finale-E10-B-2.html\">Finale-E10-B-2<\/a><a href=\"https:\/\/www.jkcarsteam.com\/wp-content\/uploads\/2020\/08\/Finale-E10-B-2.html\" class=\"wp-block-file__button\" download>St\u00e1hnout<\/a><\/div>\n\n\n\n<div class=\"wp-block-file\"><a href=\"https:\/\/www.jkcarsteam.com\/wp-content\/uploads\/2020\/08\/Finale-E10-B-3.html\">Finale-E10-B-3<\/a><a href=\"https:\/\/www.jkcarsteam.com\/wp-content\/uploads\/2020\/08\/Finale-E10-B-3.html\" class=\"wp-block-file__button\" download>St\u00e1hnout<\/a><\/div>\n\n\n\n<div class=\"wp-block-file\"><a href=\"https:\/\/www.jkcarsteam.com\/wp-content\/uploads\/2020\/08\/Finale-IC-BUGGY-B.html\">Finale-IC-BUGGY-B<\/a><a href=\"https:\/\/www.jkcarsteam.com\/wp-content\/uploads\/2020\/08\/Finale-IC-BUGGY-B.html\" class=\"wp-block-file__button\" download>St\u00e1hnout<\/a><\/div>\n\n\n\n<div class=\"wp-block-file\"><a href=\"https:\/\/www.jkcarsteam.com\/wp-content\/uploads\/2020\/08\/Finale-IC-BUGGY.html\">Finale-IC-BUGGY<\/a><a href=\"https:\/\/www.jkcarsteam.com\/wp-content\/uploads\/2020\/08\/Finale-IC-BUGGY.html\" class=\"wp-block-file__button\" download>St\u00e1hnout<\/a><\/div>\n\n\n\n<div class=\"wp-block-file\"><a href=\"https:\/\/www.jkcarsteam.com\/wp-content\/uploads\/2020\/08\/Finale-MT-A-1.html\">Finale-MT-A-1<\/a><a href=\"https:\/\/www.jkcarsteam.com\/wp-content\/uploads\/2020\/08\/Finale-MT-A-1.html\" class=\"wp-block-file__button\" download>St\u00e1hnout<\/a><\/div>\n\n\n\n<div class=\"wp-block-file\"><a href=\"https:\/\/www.jkcarsteam.com\/wp-content\/uploads\/2020\/08\/Finale-MT-A-2.html\">Finale-MT-A-2<\/a><a href=\"https:\/\/www.jkcarsteam.com\/wp-content\/uploads\/2020\/08\/Finale-MT-A-2.html\" class=\"wp-block-file__button\" download>St\u00e1hnout<\/a><\/div>\n\n\n\n<div class=\"wp-block-file\"><a href=\"https:\/\/www.jkcarsteam.com\/wp-content\/uploads\/2020\/08\/Finale-MT-A-3.html\">Finale-MT-A-3<\/a><a href=\"https:\/\/www.jkcarsteam.com\/wp-content\/uploads\/2020\/08\/Finale-MT-A-3.html\" class=\"wp-block-file__button\" download>St\u00e1hnout<\/a><\/div>\n\n\n\n<div class=\"wp-block-file\"><a href=\"https:\/\/www.jkcarsteam.com\/wp-content\/uploads\/2020\/08\/Finale-SC-1.html\">Finale-SC-1<\/a><a href=\"https:\/\/www.jkcarsteam.com\/wp-content\/uploads\/2020\/08\/Finale-SC-1.html\" class=\"wp-block-file__button\" download>St\u00e1hnout<\/a><\/div>\n\n\n\n<div class=\"wp-block-file\"><a href=\"https:\/\/www.jkcarsteam.com\/wp-content\/uploads\/2020\/08\/Finale-SC-2.html\">Finale-SC-2<\/a><a href=\"https:\/\/www.jkcarsteam.com\/wp-content\/uploads\/2020\/08\/Finale-SC-2.html\" class=\"wp-block-file__button\" download>St\u00e1hnout<\/a><\/div>\n\n\n\n<div class=\"wp-block-file\"><a href=\"https:\/\/www.jkcarsteam.com\/wp-content\/uploads\/2020\/08\/Finale-SC-3.html\">Finale-SC-3<\/a><a href=\"https:\/\/www.jkcarsteam.com\/wp-content\/uploads\/2020\/08\/Finale-SC-3.html\" class=\"wp-block-file__button\" download>St\u00e1hnout<\/a><\/div>\n\n\n\n<div class=\"wp-block-file\"><a href=\"https:\/\/www.jkcarsteam.com\/wp-content\/uploads\/2020\/08\/Po-kvalifikaci-TOP-j\u00edzda.html\">Po-kvalifikaci-TOP-j\u00edzda<\/a><a href=\"https:\/\/www.jkcarsteam.com\/wp-content\/uploads\/2020\/08\/Po-kvalifikaci-TOP-j\u00edzda.html\" class=\"wp-block-file__button\" download>St\u00e1hnout<\/a><\/div>\n\n\n\n<div class=\"wp-block-file\"><a href=\"https:\/\/www.jkcarsteam.com\/wp-content\/uploads\/2020\/08\/Semifinale-IC-Buggy-A.html\">Semifinale-IC-Buggy-A<\/a><a href=\"https:\/\/www.jkcarsteam.com\/wp-content\/uploads\/2020\/08\/Semifinale-IC-Buggy-A.html\" class=\"wp-block-file__button\" download>St\u00e1hnout<\/a><\/div>\n\n\n\n<div class=\"wp-block-file\"><a href=\"https:\/\/www.jkcarsteam.com\/wp-content\/uploads\/2020\/08\/Semifinale-IC-Buggy-B.html\">Semifinale-IC-Buggy-B<\/a><a href=\"https:\/\/www.jkcarsteam.com\/wp-content\/uploads\/2020\/08\/Semifinale-IC-Buggy-B.html\" class=\"wp-block-file__button\" download>St\u00e1hnout<\/a><\/div>\n","protected":false},"excerpt":{"rendered":"","protected":false},"author":1,"featured_media":0,"parent":0,"menu_order":0,"comment_status":"closed","ping_status":"closed","template":"","meta":{"footnotes":""},"class_list":["post-1114","page","type-page","status-publish","hentry"],"_links":{"self":[{"href":"https:\/\/www.jkcarsteam.com\/index.php?rest_route=\/wp\/v2\/pages\/1114","targetHints":{"allow":["GET"]}}],"collection":[{"href":"https:\/\/www.jkcarsteam.com\/index.php?rest_route=\/wp\/v2\/pages"}],"about":[{"href":"https:\/\/www.jkcarsteam.com\/index.php?rest_route=\/wp\/v2\/types\/page"}],"author":[{"embeddable":true,"href":"https:\/\/www.jkcarsteam.com\/index.php?rest_route=\/wp\/v2\/users\/1"}],"replies":[{"embeddable":true,"href":"https:\/\/www.jkcarsteam.com\/index.php?rest_route=%2Fwp%2Fv2%2Fcomments&post=1114"}],"version-history":[{"count":1,"href":"https:\/\/www.jkcarsteam.com\/index.php?rest_route=\/wp\/v2\/pages\/1114\/revisions"}],"predecessor-version":[{"id":1146,"href":"https:\/\/www.jkcarsteam.com\/index.php?rest_route=\/wp\/v2\/pages\/1114\/revisions\/1146"}],"wp:attachment":[{"href":"https:\/\/www.jkcarsteam.com\/index.php?rest_route=%2Fwp%2Fv2%2Fmedia&parent=1114"}],"curies":[{"name":"wp","href":"https:\/\/api.w.org\/{rel}","templated":true}]}}